25.
20
Calculate the remainder when 437 is divided by 51.
29
Calculate the remainder when 629 is divided by 80.
69
Calculate the remainder when 396 is divided by 67.
61
Calculate the remainder when 1966 is divided by 10.
6
What is the remainder when 1915 is divided by 9?
7
Calculate the remainder when 227 is divided by 18.
11
Calculate the remainder when 924 is divided by 9.
6
What is the remainder when 11428 is divided by 11?
10
What is the remainder when 423 is divided by 17?
15
What is the remainder when 910 is divided by 16?
14
Calculate the remainder when 567 is divided by 13.
8
What is the remainder when 1413 is divided by 463?
24
What is the remainder when 1235 is divided by 19?
0
Calculate the remainder when 437 is divided by 10.
7
Calculate the remainder when 472 is divided by 38.
16
What is the remainder when 364 is divided by 91?
0
What is the remainder when 381 is divided by 52?
17
What is the remainder when 149 is divided by 39?
32
Calculate the remainder when 211 is divided by 106.
105
Calculate the remainder when 272 is divided by 92.
88
Calculate the remainder when 282 is divided by 7.
2
What is the remainder when 1205 is divided by 6?
5
What is the remainder when 2312 is divided by 5?
2
What is the remainder when 108 is divided by 16?
12
Calculate the remainder when 1532 is divided by 24.
20
Calculate the remainder when 987 is divided by 45.
42
Calculate the remainder when 507 is divided by 90.
57
What is the remainder when 531 is divided by 12?
3
Calculate the remainder when 1071 is divided by 29.
27
Calculate the remainder when 246 is divided by 85.
76
Calculate the remainder when 473 is divided by 28.
25
Calculate the remainder when 335 is divided by 12.
11
Calculate the remainder when 664 is divided by 178.
130
Calculate the remainder when 22 is divided by 5.
2
What is the remainder when 162 is divided by 38?
10
What is the remainder when 7295 is divided by 32?
31
Calculate the remainder when 35 is divided by 27.
8
Calculate the remainder when 890 is divided by 438.
14
Calculate the remainder when 681 is divided by 57.
54
Calculate the remainder when 2750 is divided by 687.
2
Calculate the remainder when 681 is divided by 178.
147
Calculate the remainder when 100 is divided by 26.
22
Calculate the remainder when 809 is divided by 162.
161
What is the remainder when 220 is divided by 45?
40
What is the remainder when 117 is divided by 24?
21
Calculate the remainder when 478 is divided by 60.
58
What is the remainder when 401 is divided by 364?
37
What is the remainder when 336 is divided by 49?
42
What is the remainder when 402 is divided by 195?
12
Calculate the remainder when 723 is divided by 6.
3
Calculate the remainder when 348 is divided by 5.
3
What is the remainder when 30 is divided by 10?
0
Calculate the remainder when 303 is divided by 5.
3
What is the remainder when 2963 is divided by 76?
75
What is the remainder when 188 is divided by 45?
8
Calculate the remainder when 1161 is divided by 233.
229
What is the remainder when 465 is divided by 17?
6
What is the remainder when 37272 is divided by 35?
32
Calculate the remainder when 3174 is divided by 25.
24
Calculate the remainder when 24 is divided by 7.
3
What is the remainder when 400 is divided by 95?
20
What is the remainder when 3468 is divided by 1151?
15
What is the remainder when 362 is divided by 177?
8
What is the remainder when 720 is divided by 73?
63
Calculate the remainder when 1879 is divided by 621.
16
What is the remainder when 425 is divided by 35?
5
What is the remainder when 1194 is divided by 15?
9
Calculate the remainder when 950 is divided by 155.
20
What is the remainder when 2380 is divided by 108?
4
What is the remainder when 2533 is divided by 231?
223
Calculate the remainder when 75 is divided by 27.
21
What is the remainder when 291 is divided by 139?
13
Calculate the remainder when 365 is divided by 89.
9
Calculate the remainder when 1384 is divided by 57.
16
Calculate the remainder when 1159 is divided by 39.
28
Calculate the remainder when 5318 is divided by 9.
8
What is the remainder when 2554 is divided by 121?
13
What is the remainder when 1359 is divided by 197?
177
Calculate the remainder when 251 is divided by 95.
61
What is the remainder when 1304 is divided by 146?
136
Calculate the remainder when 4689 is divided by 70.
69
What is the remainder when 90 is divided by 32?
26
Calculate the remainder when 119 is divided by 18.
11
Calculate the remainder when 325 is divided by 82.
79
Calculate the remainder when 4178 is divided by 10.
8
What is the remainder when 177 is divided by 46?
39
What is the remainder when 26 is divided by 3?
2
Calculate the remainder when 669 is divided by 58.
31
Calculate the remainder when 2056 is divided by 206.
202
Calculate the remainder when 98 is divided by 41.
16
Calculate the remainder when 854 is divided by 368.
118
Calculate the remainder when 146 is divided by 76.
70
What is the remainder when 91 is divided by 31?
29
Calculate the remainder when 63 is divided by 5.
3
Calculate the remainder when 179 is divided by 34.
9
What is the remainder when 283 is divided by 12?
7
Calculate the remainder when 58 is divided by 14.
2
Calculate the remainder when 65 is divided by 31.
3
What is the remainder when 18 is divided by 11?
7
Calculate the remainder when 1770 is divided by 24.
18
Calculate the remainder when 9474 is divided by 46.
44
What is the remainder when 142 is divided by 29?
26
Calculate the remainder when 74 is divided by 39.
35
What is the remainder when 2358 is divided by 118?
116
What is the remainder when 6498 is divided by 10?
8
Calculate the remainder when 32 is divided by 7.
4
What is the remainder when 1872 is divided by 46?
32
What is the remainder when 2177 is divided by 271?
9
Calculate the remainder when 57 is divided by 10.
7
What is the remainder when 1033 is divided by 11?
10
What is the remainder when 4739 is divided by 17?
13
Calculate the remainder when 27 is divided by 11.
5
Calculate the remainder when 2226 is divided by 101.
4
What is the remainder when 1627 is divided by 117?
106
Calculate the remainder when 108 is divided by 12.
0
What is the remainder when 1152 is divided by 35?
32
Calculate the remainder when 2901 is divided by 88.
85
Calculate the remainder when 96278 is divided by 8.
6
What is the remainder when 395 is divided by 385?
10
What is the remainder when 2132 is divided by 57?
23
Calculate the remainder when 449 is divided by 149.
2
Calculate the remainder when 1971 is divided by 94.
91
Calculate the remainder when 105 is divided by 53.
52
What is the remainder when 915 is divided by 211?
71
What is the remainder when 1485 is divided by 98?
15
What is the remainder when 394 is divided by 70?
44
Calculate the remainder when 1693 is divided by 11.
10
What is the remainder when 6604 is divided by 2195?
19
What is the remainder when 252 is divided by 29?
20
Calculate the remainder when 319 is divided by 54.
49
Calculate the remainder when 281 is divided by 83.
32
Calculate the remainder when 178 is divided by 14.
10
Calculate the remainder when 123 is divided by 56.
11
What is the remainder when 895 is divided by 23?
21
Calculate the remainder when 502 is divided by 83.
4
What is the remainder when 147 is divided by 14?
7
What is the remainder when 47 is divided by 28?
19
What is the remainder when 2153 is divided by 80?
73
Calculate the remainder when 2457 is divided by 164.
161
What is the remainder when 668 is divided by 148?
76
Calculate the remainder when 126 is divided by 31.
2
Calculate the remainder when 978 is divided by 24.
18
What is the remainder when 983 is divided by 66?
59
What is the remainder when 269 is divided by 10?
9
Calculate the remainder when 155 is divided by 38.
3
Calculate the remainder when 1675 is divided by 112.
107
What is the remainder when 616 is divided by 208?
200
What is the remainder when 219 is divided by 22?
21
Calculate the remainder when 466 is divided by 125.
91
What is the remainder when 9357 is divided by 20?
17
Calculate the remainder when 56 is divided by 55.
1
Calculate the remainder when 295 is divided by 11.
9
What is the remainder when 1306 is divided by 27?
10
Calculate the remainder when 29 is divided 